3 - n**2 + 10*n + 6. Let y be f(3). What is the greatest common factor of 702 and y?
54
Let t(n) = 9 + 3*n + 15*n**3 - 11*n**3 + n - 4*n**2 + 8 - 10. Let i be t(3). Calculate the highest common factor of i and 26.
13
Suppose 305*a - 309*a - 5*i = -501, -4*a + 499 = 3*i. Calculate the greatest common divisor of 8 and a.
4
Suppose -17 = -0*m - 2*m - w, 0 = -2*w + 10. Suppose -m*j + 112 = -2*j. Suppose -141 = -16*s + 1203. Calculate the highest common divisor of s and j.
28
Suppose -3*a + 4*y + 15 = 0, -5*y = -35*a + 32*a + 9. Let l = -10 + 127. What is the greatest common factor of a and l?
13
Suppose 0 = o - 2*w - 10, -3*w + 5 = 2*o - o. Let j = o + -7. Let x(k) = -18*k - 137. Let a be x(-8). What is the highest common divisor of j and a?
1
Suppose 4520 + 10430 = 65*h. Calculate the highest common divisor of h and 4646.
46
Let g(n) = n**3 - 5*n**2 + 4*n. Let s be g(8). Let b be (-7)/(-3)*(-522)/(-58). What is the greatest common divisor of b and s?
7
Suppose 4*c = 5*d + 59, 0 = -3*c - c - 5*d + 29. Let s(t) = 4*t**2 + 71*t - 227. Let m be s(3). Calculate the greatest common divisor of c and m.
11
Let u(l) = -24*l + 239. Let p be u(5). What is the greatest common factor of p and 2074?
17
Let b be -3*(-2 + 20/(-6)). Let h be ((-14)/8)/((-1)/b). Let t be 567/(-99)*(-770)/105. What is the highest common divisor of t and h?
14
Let t be (-3946)/(-8) + 75/100. Let d = -455 + t. What is the highest common factor of d and 507?
39
Let g = 42 - 24. Suppose -x = 1, p - 3*x - 9 = 18. Calculate the highest common divisor of g and p.
6
Suppose -3*z = -4*z + 9. Suppose -z = -2*l + 21. Let r be (-30)/(261/(-36) - -7). Calculate the greatest common factor of r and l.
15
Let x(j) = 6*j**2 - 8*j**2 - 3*j**2 - 9*j - j**2 - 19. Let r be x(-6). Let q = 419 + r. Calculate the greatest common factor of 14 and q.
14
Suppose 18*s + 1748 = -5308. Let v = s - -432. Calculate the highest common divisor of v and 112.
8
Let g = -199 - -232. Let a be (-2)/2*237/(-3). Suppose 0 = 3*n + 5*t - a, 5*t + 10 = -10. Calculate the highest common factor of g and n.
33
Let c(i) = -9*i**2 - 11*i**2 - 11*i**2 + 38*i**2 - 20*i - 20. Let u be c(10). Calculate the highest common factor of 16 and u.
16
Let j = 1338 - 1335. Calculate the highest common divisor of 2637 and j.
3
Let j(k) = -k**3 + 5*k**2 + 9*k + 1. Let s be j(6). Let a be (s/133)/(-1*(-2)/14). Suppose v - a = 35. Calculate the highest common divisor of v and 48.
12
Let x = 158 + -104. Let o be -2 + x/30 - 156/(-5). Let j(k) = 32*k**2 + 2*k. Let p be j(-2). Calculate the highest common factor of o and p.
31
Suppose 4*f - 72 = -d, 5*f + 2*d - 207 = -120. Suppose 0 = 4*p - 2*x - 524, -19 = -5*x + 1. Calculate the highest common divisor of p and f.
19
Let x(h) = -2*h**3 - 5*h**2 - 8*h + 12. Let c be x(-6). Suppose -5*a + 183 + c = 0. Let z = -20 + 42. Calculate the highest common factor of a and z.
11
Let g be ((-3)/(-4))/(-3*2395/720 - -10). What is the highest common divisor of g and 10242?
18
Let j = -36 - -54. Suppose 4*x = -5*n - 11 - 14, 4*x = 2*n - j. Let t be ((-4)/n)/(700/115 - 6). What is the greatest common divisor of 368 and t?
46
Let r = -78 + 163. Let f(w) = -3113*w - 3116*w - 8 + 6234*w. Let n be f(5). Calculate the highest common divisor of r and n.
17
Let t(v) = -v**2 + 19*v - 24. Let w be t(12). Let i(c) = -w + 1 + 22*c + 17. Let r be i(11). What is the greatest common divisor of 25 and r?
25
Suppose 16*m - 14*m - 3*i = -3, -2*m = 4*i - 18. Calculate the highest common divisor of 428 and m.
1
Let t be (-2)/(-10) - (-266)/95. Suppose -t*m + 3*r = -6, -r + 19 = -0*m + 2*m. Suppose -40 - 2 = -m*a. Calculate the highest common divisor of 24 and a.
6
Let x be (-430)/(-90) - (5/(-15))/(6/4). Suppose 3*i + i - 12 = 3*j, i - j - 3 = 0. Suppose -2*m = i*m - x. What is the greatest common divisor of m and 3?
1
Suppose 87 = -12*t - 17*t, -4*o - t + 12777 = 0. What is the highest common divisor of 45 and o?
45
Suppose -4*t = -5*h - 9*t + 230, -h + 2*t + 34 = 0. Let i = h + -24. Let p be 3*(24/108 + 308/i). What is the greatest common divisor of 13 and p?
13
Let z be 51*(-4)/(-12)*(8/(-2) + 5). What is the greatest common factor of 289 and z?
17
Let m(i) = -30*i + 194. Let r be m(6). Let y(s) = s**2 - 15*s + 24. Let g be y(r). What is the greatest common divisor of 130 and g?
10
Suppose 0 = -10*t + 19118 + 80432. Calculate the greatest common factor of t and 543.
181
Let y = -52 - -52. Let p = 18 - y. Suppose 0 = -20*m + 16*m + 24. Calculate the greatest common divisor of p and m.
6
Let y = -1106 - -1926. Calculate the greatest common divisor of 40 and y.
20
Let c = -95 - -138. Let q(g) = 5*g + 475. Let s be q(-52). Calculate the greatest common factor of c and s.
43
Suppose -4*c - 433 = -56*c + 399. What is the highest common factor of c and 8?
8
Let c be -8 - -3 - 6/(-6). Let k be (c/(-34) - (-320)/170) + 934. What is the greatest common divisor of k and 117?
117
Suppose 4*r - 5*y = 37, -24*r = -26*r + y + 17. Suppose -r*j - 192 = -336. Suppose l - 120 = -4*l. What is the highest common divisor of l and j?
6
Let l be -3 + 1 + -60 + 58 + 26275. What is the highest common divisor of 54 and l?
27
Suppose 9*o = 10003 + 3137. Suppose 236 - o = -17*p. Calculate the highest common divisor of 198 and p.
18
Let s(x) = -59*x**3 + x**2 - 38*x - 84. Let n be s(-2). What is the highest common divisor of 288 and n?
36
Suppose 16*v - 7*v - 832 = 464. Let h be (-4)/(-3)*(5 + 7). What is the greatest common factor of h and v?
16
Let i be 2/((-7)/(-6)*(-12)/(-21)). Suppose 3*y - i*h - 84 = h, -4*h + 12 = 0. What is the highest common factor of 224 and y?
32
Let x(b) = b**2 + 12*b + 18. Let w be x(-10). Let p = 42 + w. Calculate the highest common factor of 60 and p.
20
Suppose 0 = 63*d - 4034 - 15118. What is the greatest common factor of 28 and d?
4
Let g be ((-38)/57)/((-3)/144). Let n be 1*(-1 - 1 - -4). Suppose -n*x = -x - 16. Calculate the greatest common factor of x and g.
16
Suppose 4*n - 280 = 92. Suppose 2*j - n = 51. Suppose 23*h = 4752 - 4338. Calculate the highest common factor of j and h.
18
Let d(r) = -r**3 + 32*r**2 + 52*r - 613. Let u be d(33). Calculate the greatest common divisor of u and 266.
14
Let l be 2/5 - (-6 + (-1235)/(-25)). Let h = -41 - l. Let q be h/(-3) + (-42)/(-9). What is the greatest common factor of q and 4?
4
Let x(c) = 3*c + 63. Let i be x(13). Suppose -7*l + 90 = -6*l + 2*n, -n - i = -l. What is the highest common factor of l and 42?
14
Let r = 52 - -524. Let g = r + -381. Calculate the highest common divisor of g and 117.
39
Let n be (111 + -5)/2 + (-1)/(-1). Suppose -4*u = -4*b - 36, -2*b = -u - 4*u + n. What is the highest common factor of 6 and u?
6
Let l = -297 - -275. Let b be (962/3)/(l/(-33)). Calculate the highest common divisor of 13 and b.
13
Let n be (0 - -16)/((-20)/(-840)) + 3. Suppose 127*t - 132*t + n = 0. Calculate the highest common divisor of t and 15.
15
Let h be ((-204)/2244 - 1904/(-11)) + -2 + -3. What is the greatest common divisor of 3420 and h?
12
Let r(p) = -p**2 + 30*p + 70. Let i be r(10). Calculate the highest common factor of 108 and i.
54
Let q be (0 + -1*1)/(3/(-9)). Suppose -z + p + 25 + 30 = 0, q*z + 4*p = 172. Calculate the greatest common divisor of z and 8.
8
Suppose 0*m = 4*b - 5*m - 48, -5*b = -m - 60. Let l be 208/b - (-5 - (-78)/18). What is the highest common divisor of 42 and l?
6
Let f(u) = 3*u**3 + 2*u**2 - 106*u + 293. Let l be f(5). Calculate the highest common factor of l and 188.
188
Suppose -32*b + 649 = -3767. Let c = -6 + 12. Calculate the greatest common divisor of c and b.
6
Let p be (-7740)/(-120) - (-6)/4. Calculate the highest common divisor of 2706 and p.
66
Suppose 0 = -247*t + 12995 + 30374 + 46786. Calculate the highest common divisor of 160 and t.
5
Let g(h) = 25*h**3 - 3*h**2 + h + 23. Let a be g(2). Calculate the greatest common factor of 142 and a.
71
Suppose 2*z = 11359*s - 11360*s + 710, -3550 = -5*s + z. What is the highest common divisor of s and 11218?
142
Let o(j) = j**2 + 21*j + 6. Let m be o(14). Suppose 0 = -3*n + 5*i + m, -4*n - 3*i + 6*i = -676. What is the highest common factor of n and 43?
43
Let t = -49 + 48. Let c be t/(-5) + (-18)/(-10). Let b be (12/(-6))/(c/(-319)). What is the highest common divisor of 29 and b?
29
Le